on factor of 293029647 and 57.
57
What is the highest common divisor of 270722 and 50398?
446
What is the highest common divisor of 16433949 and 231?
21
Calculate the greatest common factor of 16546337 and 355.
71
Calculate the highest common divisor of 19101020 and 20.
20
Calculate the greatest common factor of 5405535 and 90.
45
Calculate the greatest common divisor of 63318446 and 1298.
118
What is the highest common divisor of 16245288 and 6?
6
What is the greatest common divisor of 366221620 and 40?
20
Calculate the greatest common factor of 231 and 87424764.
21
What is the greatest common divisor of 9636 and 888492?
132
Calculate the greatest common divisor of 2298 and 1976460393.
1149
Calculate the highest common divisor of 4648 and 7398371.
83
Calculate the greatest common divisor of 21082509 and 9.
9
Calculate the greatest common factor of 4634214 and 2832.
354
Calculate the greatest common factor of 4112950 and 516.
86
What is the greatest common divisor of 28132 and 93938?
26
Calculate the highest common factor of 901725 and 35277.
33
Calculate the highest common divisor of 1792 and 342916.
28
What is the highest common divisor of 609 and 10176593?
203
Calculate the highest common divisor of 74 and 229970947.
37
What is the highest common factor of 3071 and 629?
37
What is the greatest common divisor of 1270 and 20223734?
254
What is the highest common divisor of 7516584959 and 1339?
1339
Calculate the greatest common divisor of 53940852 and 56.
28
What is the greatest common factor of 12464858 and 42?
14
What is the highest common divisor of 44304741 and 26?
13
Calculate the greatest common divisor of 35482535 and 385.
55
What is the greatest common divisor of 108496 and 1172?
4
Calculate the highest common divisor of 397134 and 3258.
18
What is the greatest common factor of 158224015 and 170?
85
Calculate the greatest common divisor of 502 and 82548629.
251
What is the highest common divisor of 2277 and 345809508?
759
What is the highest common factor of 81 and 8676963?
81
What is the highest common divisor of 13 and 61474062?
13
Calculate the greatest common factor of 1311 and 428317.
19
Calculate the greatest common divisor of 155862512 and 65.
13
What is the highest common divisor of 147994 and 5346?
22
What is the greatest common factor of 2757872 and 304?
16
Calculate the greatest common factor of 738407439 and 6237.
693
Calculate the highest common divisor of 42760 and 1677261.
1069
Calculate the greatest common factor of 176116760 and 89.
89
Calculate the highest common factor of 3392 and 481248056.
424
What is the greatest common divisor of 88 and 688809?
11
What is the highest common divisor of 126 and 1525032?
18
Calculate the highest common divisor of 87736948 and 3796.
3796
Calculate the highest common divisor of 248128 and 960.
64
What is the highest common factor of 95676 and 721?
7
Calculate the highest common factor of 30 and 33543495.
15
Calculate the highest common divisor of 44 and 4024691.
11
Calculate the highest common factor of 297 and 6375897.
99
What is the highest common divisor of 317481103 and 34?
17
What is the highest common factor of 882 and 657303444?
882
What is the highest common divisor of 13806 and 6045966?
1062
What is the highest common factor of 51 and 16877753?
17
What is the highest common divisor of 68 and 1495692?
4
Calculate the highest common factor of 43102 and 5330593.
937
Calculate the highest common factor of 940 and 265409.
47
Calculate the highest common divisor of 37008114 and 19734.
858
What is the greatest common divisor of 287199494 and 129?
43
Calculate the greatest common divisor of 94 and 64559294.
94
What is the highest common divisor of 13390380 and 6480?
540
What is the greatest common factor of 8475476 and 14176?
1772
Calculate the greatest common divisor of 38157 and 62928.
69
What is the highest common factor of 28 and 97931841?
7
Calculate the highest common factor of 3776335 and 10.
5
What is the greatest common divisor of 5202 and 3130448?
578
Calculate the highest common divisor of 500404238 and 168038.
12926
Calculate the highest common factor of 6726 and 53264964.
354
Calculate the greatest common factor of 25577885 and 5.
5
What is the highest common factor of 169104598 and 39?
13
What is the highest common factor of 1215806440 and 19280?
9640
Calculate the highest common divisor of 2325770 and 620.
10
What is the greatest common divisor of 11537084 and 421?
421
Calculate the highest common factor of 317 and 26511661.
317
What is the greatest common divisor of 320740 and 564862?
58
What is the greatest common divisor of 22856058 and 306?
306
Calculate the highest common divisor of 11930593 and 206.
103
What is the greatest common divisor of 4 and 261418840?
4
What is the greatest common divisor of 12189 and 1245429?
717
Calculate the greatest common factor of 555614 and 12886.
758
Calculate the highest common divisor of 11374 and 16925170.
94
What is the highest common factor of 4902 and 10741175?
19
Calculate the highest common factor of 2541920 and 40.
40
Calculate the highest common factor of 118287 and 39766.
337
Calculate the greatest common divisor of 2929845 and 4155.
15
What is the greatest common divisor of 7311 and 52680629?
2437
Calculate the greatest common factor of 218086638 and 165.
33
Calculate the highest common divisor of 962 and 54.
2
What is the highest common factor of 9027 and 5627?
17
Calculate the greatest common factor of 71 and 25715561.
71
What is the greatest common factor of 37367 and 1803807?
3397
What is the greatest common divisor of 40494940 and 2020?
2020
What is the greatest common divisor of 70 and 1566590?
10
What is the greatest common factor of 8218887 and 12996?
1083
Calculate the highest common factor of 25 and 62854625.
25
Calculate the greatest common divisor of 11767736 and 12.
4
Calculate the greatest common divisor of 6222834 and 414.
414
What is the highest common divisor of 42144690 and 3990?
210
Calculate the highest common divisor of 297264 and 2013.
33
What is the greatest common factor of 1947 and 4045767?
33
What is the highest common factor of 937340 and 6740?
20
Calculate the greatest common divisor of 6355496 and 1004059.
1519
What is the greatest common factor of 34847410 and 8866?
806
Calculate the greatest common divisor of 8696 and 791144.
8
What is the greatest common divisor of 506 and 877316?
22
Calculate the greatest common divisor of 34 and 633902086.
34
Calculate the greatest common factor of 81313 and 2172790.
1333
What is the highest common divisor of 1084889 and 4563?
13
Calculate the greatest common factor of 115 and 20917511.
23
What is the highest common divisor of 564793734 and 817?
817
What is the greatest common factor of 2311 and 195457447?
2311
Calculate the greatest common divisor of 224 and 673876.
28
What is the highest common factor of 6647 and 1690132?
23
Calculate the highest common divisor of 1268 and 6144728.
1268
Calculate the highest common divisor of 139920 and 1966830.
1590
What is the highest common divisor of 2578422 and 7518?
42
Calculate the highest common divisor of 5720 and 129558715.
715
What is the highest common divisor of 25764 and 3045576?
1356
What is the greatest common divisor of 2609631 and 209?
19
What is the greatest common factor of 1 and 16574812?
1
What is the highest common factor of 187206582 and 5890?
1178
Calculate the highest common factor of 14986560 and 1920.
960
Calculate the greatest common factor of 16458865 and 22855.
3265
What is the highest common divisor of 1194497 and 989?
43
What is the greatest common divisor of 662807 and 135386?
487
What is the highest common factor of 82 and 34982?
2
What is the highest common divisor of 428183025 and 7950?
3975
Calculate the highest common divisor of 266256 and 1111464.
3096
What is the highest common divisor of 242400661 and 146?
73
What is the greatest common factor of 4415 and 111045?
5
What is the greatest common divisor of 152 and 552584?
8
What is the highest common divisor of 38297719 and 2227?
2227
Calculate the greatest common divisor of 3715195 and 5983.
31
Calculate the highest common divisor of 3157 and 12159001.
41
Calculate the greatest common divisor of 53706685 and 10.
5
What is 